 221131523 composite?
False
Is 64102517079 composite?
True
Is 6933714509 a prime number?
True
Is 1287539035 composite?
True
Is 1270297619 a prime number?
True
Is 24700822579 a composite number?
True
Is 8286058657 a prime number?
True
Is 20172657451 composite?
False
Is 348135881 composite?
False
Is 2996513261 a prime number?
False
Is 311624323 prime?
False
Is 339703019 a composite number?
False
Is 990326981 composite?
True
Is 80858238059 a composite number?
False
Is 3913174141 a prime number?
True
Is 474466217 prime?
False
Is 1422684635 a composite number?
True
Is 5328091354 a composite number?
True
Is 414248959 a prime number?
False
Is 27444998599 a composite number?
True
Is 124562063643 prime?
False
Is 6051983929 composite?
True
Is 6839114417 a prime number?
True
Is 1282891333 composite?
False
Is 2383022737 composite?
False
Is 22240157551 a prime number?
True
Is 22663457 a prime number?
True
Is 410271153 composite?
True
Is 50231073117 a composite number?
True
Is 28051654769 a composite number?
False
Is 2949213191 a composite number?
False
Is 3873114551 a prime number?
False
Is 39720317633 composite?
False
Is 748130879 prime?
True
Is 15143073437 prime?
False
Is 609483151 composite?
True
Is 137715921323 a composite number?
False
Is 4334020417 a composite number?
True
Is 1931719529 prime?
True
Is 640155949 prime?
True
Is 2230927661 a composite number?
False
Is 229711331 a composite number?
False
Is 14008388455 prime?
False
Is 61697443933 prime?
False
Is 41887375687 a prime number?
True
Is 2165388911 a prime number?
False
Is 41441351147 composite?
True
Is 91265201 a composite number?
False
Is 8383800181 a prime number?
True
Is 1777096897 composite?
False
Is 647963377 a composite number?
True
Is 789258817 a composite number?
False
Is 32934656281 a composite number?
False
Is 3707845787 a composite number?
True
Is 6172684709 a prime number?
True
Is 2418554693 prime?
True
Is 76195483373 composite?
False
Is 11821628813 prime?
True
Is 762442199 a prime number?
False
Is 4288370837 prime?
True
Is 2552616931 prime?
False
Is 1667874181 a prime number?
False
Is 3535576901 composite?
False
Is 156368761 a prime number?
True
Is 1488590149 prime?
True
Is 814392031 composite?
True
Is 46235802387 a prime number?
False
Is 3397067033 a composite number?
False
Is 11141141287 a composite number?
True
Is 115400617 a composite number?
False
Is 97007289391 composite?
False
Is 39895766751 composite?
True
Is 4707449 a composite number?
False
Is 40212208573 a prime number?
False
Is 9147360839 composite?
False
Is 68832931499 a prime number?
False
Is 2791650541 prime?
True
Is 469135397 prime?
False
Is 868487629 a prime number?
False
Is 21434239957 a composite number?
True
Is 2154571673 a composite number?
False
Is 258923999 prime?
True
Is 872588735 prime?
False
Is 3228293323 a composite number?
True
Is 389613337 prime?
False
Is 233622527 prime?
True
Is 1072341071 a prime number?
True
Is 2544690061 a prime number?
True
Is 332711237 composite?
False
Is 23342857 a composite number?
True
Is 2960169073 a composite number?
True
Is 38622072367 a composite number?
True
Is 75632299 prime?
False
Is 54300109 a prime number?
True
Is 14700408143 composite?
False
Is 230998147 prime?
True
Is 25071251 composite?
False
Is 736943677 a prime number?
False
Is 2006675851 prime?
False
Is 48430166381 a composite number?
True
Is 4153539731 composite?
True
Is 2824296389 composite?
False
Is 69148246621 prime?
False
Is 351836027 prime?
False
Is 167498551529 prime?
True
Is 745132613 prime?
True
Is 839208839845 prime?
False
Is 85020601951 a composite number?
True
Is 21781475357 prime?
True
Is 27586100837 prime?
True
Is 1259762729 a composite number?
False
Is 383784491 a prime number?
True
Is 17978257631 prime?
True
Is 2020895843 a prime number?
False
Is 5527675733 a prime number?
True
Is 42206119 a composite number?
True
Is 1250084441 prime?
True
Is 74385643 prime?
False
Is 37056820913 prime?
False
Is 829570387 prime?
True
Is 983288749 a composite number?
True
Is 2128100267 a composite number?
True
Is 139464440279 a composite number?
True
Is 24545526931 a prime number?
True
Is 2488233805 composite?
True
Is 82686934441 composite?
False
Is 1624595717 composite?
False
Is 5222208451 composite?
True
Is 6917326883 a prime number?
True
Is 7362052193 composite?
False
Is 97818779 composite?
True
Is 308402719 composite?
False
Is 377337866 a prime number?
False
Is 22652627587 a prime number?
True
Is 772764337 a prime number?
True
Is 25402418378 composite?
True
Is 660039287 a prime number?
True
Is 77524214899 a prime number?
True
Is 26902529081 a composite number?
False
Is 25072751447 prime?
False
Is 823998943 a composite number?
True
Is 578126821 prime?
True
Is 399443287 a composite number?
True
Is 1244690313 prime?
False
Is 1821000809 prime?
True
Is 3557033011 a composite number?
True
Is 6335902933 prime?
False
Is 21269314853 a composite number?
True
Is 431166361 a prime number?
False
Is 2981592839 prime?
False
Is 171530807 a composite number?
True
Is 6773492659 composite?
True
Is 4408328501 composite?
False
Is 392778011 a composite number?
True
Is 3875273147 a prime number?
True
Is 10003641917 prime?
False
Is 107658618527 prime?
True
Is 2850408227 composite?
False
Is 1000314899 prime?
True
Is 4147687627 a composite number?
False
Is 842756623 a prime number?
False
Is 60060796633 a composite number?
False
Is 475527853 composite?
True
Is 563699863 composite?
True
Is 274619923 composite?
False
Is 10522102991 prime?
True
Is 18743381519 prime?
False
Is 1302943207 prime?
True
Is 39294528911 prime?
False
Is 1100459849 prime?
True
Is 2750369 composite?
False
Is 137585656093 composite?
False
Is 637953227 a prime number?
True
Is 121983978371 prime?
True
Is 407406491 a prime number?
True
Is 50953352081 composite?
True
Is 33254048521 prime?
False
Is 36045695437 composite?
True
Is 1351920617 a prime number?
True
Is 67080851 a composite number?
True
Is 598481795 a composite number?
True
Is 42743456209 composite?
False
Is 22525629127 a composite number?
True
Is 362283631 a prime number?
False
Is 323311663 prime?
True
Is 1871465903 prime?
False
Is 532644197 a prime number?
False
Is 307724447 composite?
True
Is 28377461131 prime?
True
Is 99735829 a prime number?
False
Is 55132317781 a prime number?
False
Is 46102319401 prime?
True
Is 136399891 composite?
True
Is 1489932511 a composite number?
False
Is 2524037249 a prime number?
False
Is 124206631 a prime number?
True
Is 5065048451 a composite number?
False
Is 10018549799 a prime number?
False
Is 38392238 a prime number?
False
Is 53937066763 a composite number?
False
Is 36379237777 prime?
True
Is 3111020139 a prime number?
False
Is 15630579931 a prime number?
True
Is 86951017 a composite number?
True
Is 108320079653 a composite number?
True
Is 28371383189 composite?
True
Is 4819250087 a composite number?
False
Is 747930409 prime?
True
Is 22761800527 a composite number?
False
Is 155101801 a prime number?
True
Is 278237191 prime?
False
Is 376261183 a composite number?
False
Is 547630277 a composite number?
True
Is 3163446331 a composite number?
False
Is 7151902991 composite?
True
Is 67353353 a prime number?
True
Is 52114388537 composite?
True
Is 5741962871 composite?
False
Is 60526991249 a prime number?
True
Is 1567287581 a prime number?
True
Is 424336309 prime?
False
Is 1648035793 a prime number?
True
Is 76682471 a prime number?
False
Is 1626073247 prime?
False
Is 682278627 composite?
True
Is 106096147693 a composite number?
False
Is 526568677 a prime number?
True
Is 313914069583 composite?
False
Is 12311004337 a prime number?
True
Is 38720751431 composite?
False
Is 56145217 prime?
True
Is 615085963 a prime number?
False
Is 904542931 a composite number?
True
Is 9438751067 composite?
True
Is 167817497 prime?
True
Is 14204317 a prime number?
False
Is 63580783219 a composite number?
True
Is 16871787659 composite?
False
Is 310439497 a composite number?
True
Is 2212988381 prime?
True
Is 3385930991 composite?
False
Is 8399058079 composite?
False
Is 86858376881 composite?
True
Is 138884360737 prime?
False
Is 5439134563 a composite number?
False
Is 8458089949 a prime number?
True
Is 778587443 prime?
True
Is 4234464779 prime?
False
Is 340848071 a prime number?
False
Is 8988788597 prime